19?
False
Is 1470 a multiple of 49?
True
Is 4992 a multiple of 104?
True
Is 29 a factor of 31107?
False
Is 2 a factor of 184?
True
Is 9 a factor of 434?
False
Does 17 divide 16400?
False
Is 145 a factor of 2175?
True
Does 121 divide 8335?
False
Is 11 a factor of 231?
True
Is 4489 a multiple of 5?
False
Is 45 a multiple of 17?
False
Is 17501 a multiple of 43?
True
Is 136 a factor of 130940?
False
Does 9 divide 189?
True
Is 10159 a multiple of 26?
False
Is 19 a multiple of 9?
False
Does 56 divide 2800?
True
Is 25 a factor of 2100?
True
Is 6752 even?
True
Is 21 a factor of 3234?
True
Is 1320 a multiple of 15?
True
Is 43 a factor of 69445?
True
Is 25 a factor of 175?
True
Is 206 a factor of 3296?
True
Is 80 a factor of 2061?
False
Is 141 a factor of 1692?
True
Is 163 a multiple of 3?
False
Is 51 a factor of 4512?
False
Does 31 divide 11863?
False
Does 5 divide 4355?
True
Is 417 a multiple of 12?
False
Is 26 a factor of 2600?
True
Is 87 a factor of 23263?
False
Is 39576 a multiple of 122?
False
Does 2 divide 160?
True
Is 5 a factor of 66649?
False
Does 6 divide 52?
False
Does 16 divide 624?
True
Is 1260 a multiple of 21?
True
Is 29 a factor of 516?
False
Is 5084 a multiple of 82?
True
Is 8170 a multiple of 95?
True
Is 21 a factor of 1744?
False
Is 891 a multiple of 11?
True
Is 20 a factor of 377?
False
Is 10518 a multiple of 26?
False
Is 77 a factor of 1183?
False
Is 51 a factor of 1581?
True
Is 52 a factor of 1989?
False
Is 128 a factor of 11071?
False
Does 18 divide 1040?
False
Is 292 a multiple of 41?
False
Is 12 a factor of 110?
False
Is 283 a multiple of 13?
False
Does 64 divide 1557?
False
Is 3043 a multiple of 6?
False
Is 176 a multiple of 4?
True
Is 3 a factor of 440?
False
Does 24 divide 643?
False
Is 28 a factor of 2540?
False
Does 52 divide 10342?
False
Is 10 a factor of 4365?
False
Is 51522 a multiple of 31?
True
Is 346 a multiple of 12?
False
Is 6 a factor of 3637?
False
Is 178 a multiple of 40?
False
Is 108 a factor of 11124?
True
Is 103 a factor of 309?
True
Does 11 divide 253?
True
Is 131 a factor of 655?
True
Is 136 a factor of 2856?
True
Does 85 divide 2295?
True
Does 7 divide 189?
True
Does 160 divide 30560?
True
Is 11063 a multiple of 23?
True
Is 3 a factor of 372?
True
Does 102 divide 10404?
True
Is 25 a factor of 3634?
False
Does 18 divide 324?
True
Is 8514 a multiple of 18?
True
Does 57 divide 871?
False
Does 107 divide 14231?
True
Does 49 divide 2107?
True
Does 4 divide 289?
False
Is 7 a factor of 587?
False
Does 81 divide 243?
True
Is 3000 a multiple of 60?
True
Is 3288 a multiple of 8?
True
Is 34 a factor of 4308?
False
Is 147 a factor of 3087?
True
Is 1899 a multiple of 83?
False
Does 16 divide 10972?
False
Does 9 divide 70547?
False
Does 24 divide 432?
True
Is 15 a factor of 16536?
False
Is 3156 a multiple of 55?
False
Is 3672 a multiple of 108?
True
Is 2048 a multiple of 50?
False
Is 5 a factor of 535?
True
Is 777 a multiple of 3?
True
Is 271 a multiple of 45?
False
Does 13 divide 2678?
True
Is 474 a multiple of 6?
True
Does 14 divide 6547?
False
Is 103871 a multiple of 17?
False
Is 87 a factor of 6204?
False
Does 29 divide 86?
False
Is 112 a multiple of 8?
True
Does 22 divide 9920?
False
Is 588 a multiple of 14?
True
Is 1361 a multiple of 34?
False
Does 11 divide 5544?
True
Is 299 a multiple of 2?
False
Is 30189 a multiple of 98?
False
Is 16132 a multiple of 74?
True
Is 2 a factor of 699?
False
Is 2467 a multiple of 17?
False
Is 22 a factor of 1844?
False
Is 133796 a multiple of 13?
True
Is 12756 a multiple of 19?
False
Is 299 a multiple of 13?
True
Is 3893 a multiple of 7?
False
Is 4725 a multiple of 45?
True
Is 20498 a multiple of 37?
True
Is 174 a factor of 904?
False
Is 42 a factor of 1722?
True
Is 10 a factor of 280?
True
Is 507 a multiple of 39?
True
Does 30 divide 270?
True
Is 287 a multiple of 19?
False
Is 10 a factor of 39890?
True
Does 15 divide 21966?
False
Does 17 divide 731?
True
Is 17 a factor of 581?
False
Does 29 divide 232?
True
Is 104 a multiple of 5?
False
Is 1289 a multiple of 44?
False
Is 51 a factor of 3505?
False
Is 21 a factor of 17178?
True
Is 2669 a multiple of 81?
False
Does 50 divide 850?
True
Is 8940 a multiple of 5?
True
Is 130 a factor of 18629?
False
Is 18 a factor of 60606?
True
Does 22 divide 8734?
True
Is 556 a multiple of 11?
False
Is 119 a factor of 65581?
False
Is 406 a multiple of 7?
True
Is 17 a factor of 5982?
False
Is 23 a factor of 10666?
False
Is 1535 a multiple of 72?
False
Is 9027 a multiple of 10?
False
Is 27 a factor of 8613?
True
Is 553 a multiple of 79?
True
Does 143 divide 70372?
False
Does 88 divide 11880?
True
Is 12 a factor of 11316?
True
Is 2565 a multiple of 27?
True
Is 1650 a multiple of 119?
False
Is 212 a multiple of 22?
False
Does 17 divide 64668?
True
Is 6 a factor of 36324?
True
Is 2167 a multiple of 4?
False
Does 37 divide 1591?
True
Is 123 a multiple of 3?
True
Does 16 divide 82201?
False
Does 30 divide 15414?
False
Is 137 a multiple of 2?
False
Is 3805 a multiple of 16?
False
Is 2 a factor of 2577?
False
Does 10 divide 5210?
True
Does 21 divide 390?
False
Is 89 a factor of 66127?
True
Is 5376 a multiple of 21?
True
Does 10 divide 1350?
True
Is 3567 a multiple of 87?
True
Is 258 a factor of 32766?
True
Is 3 a factor of 4133?
False
Does 22 divide 57712?
False
Does 11 divide 39520?
False
Is 102 a multiple of 24?
False
Does 43 divide 2560?
False
Does 54 divide 44950?
False
Is 2907 a multiple of 9?
True
Is 93 a factor of 4929?
True
Is 13 a factor of 2262?
True
Is 8872 a multiple of 172?
False
Is 3262 a multiple of 18?
False
Is 11 a factor of 4796?
True
Does 8 divide 720?
True
Does 21 divide 10227?
True
Is 3 a factor of 435?
True
Does 39 divide 2418?
True
Is 51961 a multiple of 115?
False
Is 2717 a multiple of 120?
False
Does 24 divide 20208?
True
Is 68 a factor of 26044?
True
Does 22 divide 11242?
True
Is 6 a factor of 1866?
True
Is 5789 a multiple of 8?
False
Is 5238 a multiple of 33?
False
Is 375 a multiple of 57?
False
Is 124 a factor of 94972?
False
Is 112 a multiple of 8?
True
Is 41 a factor of 114447?
False
Is 140 a factor of 11060?
True
Is 73836 a multiple of 9?
True
Is 11 a factor of 1736?
False
Does 41 divide 1312?
True
Is 4773 a multiple of 13?
False
Is 2 a factor of 307?
False
Is 340 a multiple of 4?
True
Is 12 a factor of 48?
True
Is 303 a multiple of 17?
False
Does 16 divide 5834?
False
Does 40 divide 262?
False
Does 11 divide 2117?
False
Is 873 a multiple of 128?
False
Is 882 a multiple of 63?
True
Does 147 divide 11760?
True
Does 12 divide 1200?
True
Does 17 divide 476?
True
Does 5 divide 1703?
False
Does 8 divide 248?
True
Is 11703 a multiple of 61?
False
Does 25 divide 1094?
False
Is 6063 a multiple of 65?
False
Is 894 a multiple of 9?
False
Is 30628 a multiple of 61?
False
Is 55 a factor of 26730?
True
Does 27 divide 35?
False
Does 34 divide 49166?
False
Is 14382 a multiple of 34?
True
Is 56 a multiple of 4?
True
Is 62 a multiple of 31?
True
Is 14 a factor of 446?
False
Does 2 divide 311?
False
Does 71 divide 10771?
False
Does 13 divide 335?
False
Is 44000 a multiple of 16?
True
Does 42 divide 13020?
True
Does 33 divide 231?
True
Does 5 divide 44327?
False
Is 91 a factor of 11390?
False
Does 26 divide 38118?
False
Does 17 divide 5615?
False
Is 89 a factor of 27323?
True
Is 39630 a multiple of 146?
False
Is 248 a factor of 31000?
True
Is 39530 a multiple of 37?
False
Is 51 a factor of 46920?
True
Does 11 divide 4202?
True
Is 15 a factor of 11119?
False
Is 91 a factor of 6335?
False
Is 18340 a multiple of 262?
True
Is 110460 a multiple of 22?
False
Is 15 a factor of 1710?
True
Is 247 a factor of 1870?
False
Is 168 a multiple of 7?
True
Is 13975 a multiple of 91?
False
Does 73 divide 17009?
True
Is 1764 a multiple of 9?
True
Is 5 a factor of 60?
True
Is 2033 a multiple of 19?
True
Does 51 divide 358?
False
Is 7 a factor of 238?
True
Does 7 divide 896?
True
Is 48 a factor of 960?
True
Is 48245 a multiple of 5?
True
Does 7 divide 3136?
True
Does 20 divide 2902?
False
Does 10 divide 650?
True
Does 17 divide 17287?
False
Is 59 a factor of 11687?
False
Is 2145 a multiple of 65?
True
Does 50 divide 2250?
True
Is 23684 a multiple of 31?
True
Is 26292 a multiple of 28?
True
Does 85 divide 2634?
False
Is 53 a factor of 176?
False
Is 33 a factor of 8